 + 10)) + (4 - (-2 - -3)).
-2
Calculate (0 + 6 + -20 - -28) + 7.
21
What is the value of 2 + -9 - (3 - 10 - -8)?
-8
Evaluate -4 - (-4 + 17) - -5.
-12
What is the value of -1 + (-9 - -7) + -5?
-8
Evaluate (-2 - 1) + 59 + -86 + 4.
-26
Evaluate 1 - (2 - -5) - (-802 - -806).
-10
Evaluate 14 + -15 + 3 + -15.
-13
What is (-1 - 6) + 9 + 4 + 4?
10
What is (27 - 5 - 48) + 10?
-16
What is -10 - (-33 - (-6 + -14))?
3
Calculate 0 + -6 + (4 + 16 - 7).
7
What is (5 - 0) + -7 + 11 + -26?
-17
What is the value of -15 + (9 - -3) + 1 + 13 + -2?
9
What is (5 - -9) + -8 - (1 - (-1 + -1))?
3
What is -9 - (-9 + 0 - 7 - -10)?
-3
0 + 1 + (-1 - (9 + -13 + 6))
-2
-4 + -5 + -14 + 12
-11
Calculate -7 + (-15 - -12 - -11 - 2).
-1
1 + -24 + 47 + -33 + -2
-11
Evaluate -1 + (2 - 9) + -12 + 14.
-6
What is the value of -111 - -77 - (-2 + -22)?
-10
What is 6 + -6 + 5 + (-9 - 7)?
-11
Evaluate -47 + -5 - -9 - -29.
-14
(-21 - 24 - -35) + (18 - (-2 + 3))
7
12 + (-3 + 0 - 1) + -5 - 7
-4
Evaluate (0 - -7) + -14 + 12 + (1 - 18).
-12
What is -10 + -20 + (-3 - -26 - 6)?
-13
Calculate -1 - (-11 + (-3 - 1) + 0).
14
-1696 + 1658 - (1 - 9)
-30
-26 + (-45 - -61) + (12 - (2 + -2))
2
What is (-10 - -2) + -1 + 4 + -3?
-8
What is the value of (-25 + 19 - -7) + 1?
2
Evaluate 0 - (8 - 4 - (6 - (3 - -2))).
-3
What is the value of 4 + -5 + (-15 - (7 + -14)) + 1?
-8
Evaluate 6 + (6 - (17 - (-10 + 17))).
2
What is (7 - 2 - 0 - -1) + -22 + 19?
3
What is 8 - (13 - (-10 + 6))?
-9
What is (-12 + -20 - -22) + 24?
14
(4 - (8 - 6)) + -9 + 12
5
What is 0 + -10 + (9 - 3) + (-9 - 0)?
-13
What is -21 - -4 - 6 - (-3 - 9)?
-11
What is 513 + -524 + (43 - (4 + 0 + -2))?
30
What is (-17 - -2) + -78 + 83?
-10
Calculate -159 + 157 - (-17 + 0).
15
What is the value of 22 + (12 - 19) + -11?
4
What is the value of 7 - (-11 - -14) - 4?
0
Evaluate (-11 + 7 - 5) + (6 - -10) - -10.
17
What is the value of 19 + (-32 - -14) + 8 + 5 + 1?
15
Evaluate (1 - (-9 - 0)) + 3.
13
What is 225 + -193 + (3 + -5 - -2)?
32
What is -11 + -10 + 26 + (1 - 0)?
6
(-5 - -19) + -5 + 11 - 47
-27
What is the value of -5 + (12 - 7 - 5 - (-2 + -2))?
-1
What is 16 - ((-107 - -103) + (0 + 0 - 0))?
20
14 + -11 + 0 + 6 + -3
6
57 + (14 - 32) + (-3 - 0)
36
Evaluate (0 - -18) + -16 - (19 - (1 - -1)).
-15
Calculate 11 + 1 + 20 + -15.
17
Calculate -6 + (8 - 1) - (8 + (4 - 0)).
-11
Evaluate (-4 - (16 + -1)) + 15.
-4
What is the value of (13 - 7) + -27 + 14?
-7
Evaluate 15 + -4 + -12 + 15.
14
What is -15 + (8 + 8 + -15 + -4 - 5)?
-23
What is the value of (-20 - -15) + -7 + -3 + 14 + -4?
-5
Evaluate 337 + -322 - (3 + (3 - -5)).
4
What is (12 - -32) + -11 + -6 + 5 + -10?
22
What is -82 + 60 - (-60 - -1)?
37
What is (-6 - 9) + (-9 - (-16 - -8))?
-16
Evaluate 5 - 1 - (-82 - -92).
-6
What is -16 + (13 - (13 + -2))?
-14
Calculate 0 + 12 + -9 + (10 - 3 - 32).
-22
What is 3 + 4 + -12 + -15 + 0?
-20
What is the value of (8 - -4) + (-38 - -23) + 7?
4
(-11 + 0 - 11) + -3 + -3 + -1
-29
What is (-1 + 10 - 8) + 24?
25
Evaluate (5 - 1) + (42 + -31 - 8).
7
What is -25 - (-6 - (20 - 7 - (14 - 4)))?
-16
What is 6 - -7 - (57 + -20 + -12)?
-12
Calculate (14 + -6 - (18 + -4 + -4)) + 4.
2
What is (-4 - -3) + (-9 - -13)?
3
Evaluate -1 + (-6 - 9) + 27.
11
What is -13 + (15 - (7 - 5))?
0
What is 56 + -61 + 24 + (1 - 3)?
17
What is the value of -3 + (3 - 9) - (-26 + (-21 - -11))?
27
Calculate (39 - 21) + -16 + 3.
5
What is the value of -2 - (41 - (-10 + 82))?
29
What is -3 + (1 - (-7 - 2)) + -22?
-15
Calculate 5 - (-6 + -4 + 4 + 0).
11
What is -26 + (-30 - -19 - -43)?
6
What is the value of 1 - ((-7 - 1) + -1 + 15 + -19)?
14
What is the value of (-9 - (9 - 9) - -13 - -22) + -6?
20
What is the value of -12 - ((11 - 1 - 11) + -5)?
-6
What is (2 - -7) + -7 + -4 + 2 - -4?
4
Evaluate (2 + 0 - 12) + (-36 + 14 - -32).
0
Evaluate -1 - (1 + -17 + (-9 - -5) + 6).
13
What is 132 - 135 - (2 + -16)?
11
13 - (-5 + 12 + -12) - -11
29
Calculate (43 - 47 - (-14 - -1) - 5) + -11.
-7
What is the value of (-2 - ((-3 - (-15 - -9)) + -8)) + 8?
11
Calculate 27 + (8 - 14) - (17 + -15).
19
Evaluate (7 + -7 + -8 - -2) + 4 + -12.
-14
Evaluate 7 + (-42 + 40 - (2 + 0)) + -15.
-12
0 + 9 - (15 - -3 - 20)
11
-5052 + 5016 - (-2 + -3 + 2 + 5)
-38
-11 - -11 - -7 - 10
-3
What is the value of (-11 - -29) + 13 + -19?
12
Calculate 1 + 39 + -294 + 241.
-13
What is (16 - 7) + 10 + 1 + -18?
2
28 + -74 + 17 + -4
-33
Evaluate (-145 - -156) + 1 + -2.
10
Evaluate -4 + (-5 - -11) + -8.
-6
Calculate 8 + -33 - 5 - -40.
10
What is -12 + 1 + (2 + -22 - (-49 - -37))?
-19
Evaluate -3 + -9 + (-2 - 1 - 6) + 4.
-17
What is the value of -5 + (9 - -4 - 5) + -12?
-9
-14 + 15 + -14 - (-3 + 7)
-17
Calculate 24 + 1 + 2 - (-512 - -515).
24
Calculate -3 + (7 - (-5 - -9 - 10)).
10
What is -20 - -1 - (-22 - (-26 - -13))?
-10
What is the value of -26 + -11 + (-25 - -42) - (1 - -1)?
-22
What is the value of -24 - ((5 - -7) + -5 - 7)?
-24
Evaluate 177 + -178 - ((3 - 1) + -2 + 10).
-11
What is the value of (-9 - (13 + -10 - 21 - 5)) + 5?
19
What is the value of -2 + 15 - (-1 + -25 + 27)?
12
What is (-7 + 2 - 4) + 5 + 5 + -8?
-7
What is (4 - 0 - (57 - 63)) + -15?
-5
What is the value of -2 + (-16 - (2 - 9)) + 7 + 3?
-1
Evaluate 9 - (10 + -13 + 10).
2
Calculate -22 - (-15 + 5) - (12 - 18).
-6
(14 - (-15 - -32)) + -20
-23
Evaluate -27 + (18 - (-13 + 9)) + (0 - -9).
4
What is the value of 8 + 1 - (13 + 3 + -9)?
2
What is the value of 27 + -20 - (24 - (6 - (2 + 1)))?
-14
(-38 - 3) + -36 + 44
-33
What is 2 + 6 - (14 - 14 - 2)?
10
What is the value of 4 + (19 - 11) + -3 + (-1 - -6)?
14
Evaluate 5 + (-22 - -12) + -21 + 2.
-24
What is -299 + 302 - (-2 - -4 - -21)?
-20
What is 41 - ((-3 - (10 + -17)) + 0)?
37
Evaluate (14 - ((19 - 4) + -7)) + (0 - -9).
15
Evaluate 7 + (-1 + 2 - 0 - (251 + -252)).
9
What is (0 - 7 - 33 - -10) + 11?
-19
What is the value of 13 - (17 + -33 - -39)?
-10
19 + -6 + 15 + 5 + 5
38
(12 - (5 + 5)) + -17 + 5 - -22
12
Calculate (4 - -32) + -63 - 4.
-31
-5 + 10 + 10 + 0
15
What is the value of -3 - (4 - 9 - -11)?
-9
What is the value of -1 - -6 - ((40 - 60) + 12)?
13
What is (22 - 9) + 1 + -2 - (-34 + 35)?
11
Calculate -43 - -31 - (-2 + 2 - 1).
-11
Calculate (-30 - -26) + (-1 + 6 - (-2 + 1)).
2
(8 - 3) + (1 - (-9 + 10) - 9)
-4
Calculate 31 + -12 + -8 - (20 + 2).
-11
8 + -12 - (0 + 15)
-19
(16 - -1) + -9 + 3 + 4 - 2
13
Evaluate -13 + 10 + -5 + 21 - -6.
19
4 + -8 + 23 + 0 - 5
14
What is -28 + (7 - -1) - -10?
-10
Evaluate 12 + (-13 - (-12 - -22)).
-11
21 - 13 - (23 - 9)
-6
-2 + (19 - 8 - 23)
-14
Evaluate (4 - -13) + -7 - 23.
-13
Evaluate 4 - (25 + -1 + -8).
-12
Evaluate 0 + (0 + -1 - 14 - (-146 + 141)).
-10
Evaluate 19 + -9 + 1 + -5 + 0.
6
Calculate -1635 - -1612 - (-16 + 0).
-7
Calculate 27 - (0 - (-36 + 13 - -13)).
17
What is (-8 + (3 - (1 - 3)) - 0) + 1?
-2
-1 - ((-8 - 3) + 8)
2
Evaluate 22 + -3 - (-7 - (2 + -8 + -6)).
14
Calculate -10 + (-3 - (3 + (-15 - -8))) + -5.
-14
What is -6 + -1 - ((-3 - (-4 + 7)) + -16)?
15
-3 - (5 + (-5 - 6) - 0)
3
8 + -3 + 2 + -18 - -25
14
Calculate 7 + -1 + (109 - 124).
-9
3 + (-29 - (-15 + 9)) + -2
-22
What is -67 + (82 - 27) + (-25 - (2 - 2))?
-37
What is 2 - (-4 - 1) - (19 - (-5 - -3))?
-14
Calculate 12 + -35 + 37 - (2 - -10).
2
Calculate 0 + (8 - 10) - (-18 + 0).
16
What is (16 - (1 + 17)) + (-1 - -6) - -2?
5
Evaluate -29 + (4 - -17) + (-13 - 1).
-22
-11 + (1 - -17 - (42 - 30))
-5
Evaluate 28 + 1 + 2 + -4.
27
Evaluate 13 + (-7 - (-13 - -11)).
8
What is -17 - (10 - 19) - 10?
-18
-7 + 7 + (-5 - -5) + -4
-4
Evaluate -23 + -4 + (-4 - -9) + (13 - 7).
-16
(2 - 9) + 5 + 5 + -3 + 10
10
What is -4 + (-1 - -14 - 12)?
-3
What is -9 + 19 + -5 + 14?
19
What is the value of -18 + 13 + -2 + 6 + -10?
-11
(7 - (2 + -17)) + -11
11
Evaluate 547 + -539 + 0 + 2 + -1.
9
Calculate -2 + (-17 + -6 - -6) - -5.
-14
-3 + 1 - (-9 + 10 + 2 + -8)
3
What is 0 - (6 + (9 - 3) + -9)?
-3
(0 - -9) + -1 - (-3 + -74 - -68)
17
What is 7 - ((-33 - -39) + (7 - 2))?
-4
What is 15 + -30 - -16 - -7?
8
(-1 - 0) + 1 - (-620 + 610)
10
Calculate 17 - (-3 - -3) - 7.
10
10 - (1 - (0 - -1) - (91 + -79))
22
-23 - (0 - (23 - 10))
-10
What is the value of -14 - ((3 + -2 - 11) + -13)?
9
What is ((-11 - -4 - -20) + -8 - 13) + 0?
-8
Calculate -145 - -138 - (2 + -6).
-3
-15 + (-9 - (1 + -14)) + 7 + 38
34
Calculate (1 + 2 - (7 - -6)) + 52 + -22.
20
What is 4 - 38 - -6 -